{"id":22,"date":"2016-04-21T20:46:59","date_gmt":"2016-04-21T19:46:59","guid":{"rendered":"http:\/\/www.fragments.asso.fr\/blog\/?page_id=22"},"modified":"2019-02-04T12:52:46","modified_gmt":"2019-02-04T11:52:46","slug":"lappel","status":"publish","type":"page","link":"http:\/\/www.fragments.asso.fr\/blog\/lappel\/","title":{"rendered":"L&rsquo;appel"},"content":{"rendered":"<p style=\"text-align: center;\"><iframe loading=\"lazy\" src=\"\/\/www.youtube.com\/embed\/-GiMxDAD4-s\" allowfullscreen=\"allowfullscreen\" width=\"560\" height=\"315\" frameborder=\"0\"><\/iframe><\/p>\n<p style=\"text-align: center;\"><span style=\"font-family: andale mono, monospace; font-size: 12pt;\">L&rsquo;appel \u00e9tait un de ces moments o\u00f9 pouvait s&rsquo;exprimer toutes les nombreuses contraintes incompr\u00e9hensibles du syst\u00e8me concentrationnaire.<br \/>\nLe moment \u00e9tait paradoxalement intemporel puisque les d\u00e9port\u00e9s n&rsquo;\u00e9taient<br \/>\njamais s\u00fbrs de ce qui se passerait \u00e0 la fin de ce moment l\u00e0.<br \/>\nLa mort, la vie, rien n&rsquo;\u00e9tait moins s\u00fbr.<br \/>\nCette composition montre l&rsquo;alignement rationalis\u00e9 que nous retrouvons<br \/>\ndans quelques autres \u0153uvres pr\u00e9sent\u00e9es.<br \/>\nCe qui est diff\u00e9rent ici, c&rsquo;est la place de la septi\u00e8me pierre.<\/span><\/p>\n<p style=\"text-align: center;\"><span style=\"font-family: andale mono, monospace; font-size: 12pt;\">Les pierres sont les individus, le fil de fer barbel\u00e9, le corps, le lambeau de tissu, l&rsquo;uniforme.<br \/>\nSix pierres sont align\u00e9es avec rigueur, on ne peut les d\u00e9placer.<br \/>\nC&rsquo;est le r\u00e8glement.<br \/>\nLa septi\u00e8me est ailleurs. L&rsquo;esprit, la pens\u00e9e, la potentialit\u00e9 de survie, l&rsquo;\u00e9chappatoire \u00e0 la d\u00e9r\u00e9liction.<br \/>\nElle se d\u00e9place parfois pendant le temps de l&rsquo;exposition.<\/span><\/p>\n","protected":false},"excerpt":{"rendered":"<p>L&rsquo;appel \u00e9tait un de ces moments o\u00f9 pouvait s&rsquo;exprimer toutes les nombreuses contraintes incompr\u00e9hensibles du syst\u00e8me concentrationnaire. Le moment \u00e9tait paradoxalement intemporel puisque les d\u00e9port\u00e9s n&rsquo;\u00e9taient jamais s\u00fbrs de ce qui se passerait \u00e0 la fin de ce moment l\u00e0. La mort, la vie, rien n&rsquo;\u00e9tait moins s\u00fbr. Cette composition montre l&rsquo;alignement rationalis\u00e9 que nous [&hellip;]<\/p>\n","protected":false},"author":1,"featured_media":0,"parent":0,"menu_order":0,"comment_status":"closed","ping_status":"closed","template":"templates\/page-full-width.php","meta":{"sfsi_plus_gutenberg_text_before_share":"","sfsi_plus_gutenberg_show_text_before_share":"","sfsi_plus_gutenberg_icon_type":"","sfsi_plus_gutenberg_icon_alignemt":"","sfsi_plus_gutenburg_max_per_row":"","footnotes":""},"class_list":["post-22","page","type-page","status-publish","hentry"],"_links":{"self":[{"href":"http:\/\/www.fragments.asso.fr\/blog\/wp-json\/wp\/v2\/pages\/22","targetHints":{"allow":["GET"]}}],"collection":[{"href":"http:\/\/www.fragments.asso.fr\/blog\/wp-json\/wp\/v2\/pages"}],"about":[{"href":"http:\/\/www.fragments.asso.fr\/blog\/wp-json\/wp\/v2\/types\/page"}],"author":[{"embeddable":true,"href":"http:\/\/www.fragments.asso.fr\/blog\/wp-json\/wp\/v2\/users\/1"}],"replies":[{"embeddable":true,"href":"http:\/\/www.fragments.asso.fr\/blog\/wp-json\/wp\/v2\/comments?post=22"}],"version-history":[{"count":46,"href":"http:\/\/www.fragments.asso.fr\/blog\/wp-json\/wp\/v2\/pages\/22\/revisions"}],"predecessor-version":[{"id":394,"href":"http:\/\/www.fragments.asso.fr\/blog\/wp-json\/wp\/v2\/pages\/22\/revisions\/394"}],"wp:attachment":[{"href":"http:\/\/www.fragments.asso.fr\/blog\/wp-json\/wp\/v2\/media?parent=22"}],"curies":[{"name":"wp","href":"https:\/\/api.w.org\/{rel}","templated":true}]}}

<p style="text-align: center;"><iframe loading="lazy" src="//www.youtube.com/embed/-GiMxDAD4-s" allowfullscreen="allowfullscreen" width="560" height="315" frameborder="0"></iframe></p>
<p style="text-align: center;"><span style="font-family: andale mono, monospace; font-size: 12pt;">L&rsquo;appel était un de ces moments où pouvait s&rsquo;exprimer toutes les nombreuses contraintes incompréhensibles du système concentrationnaire.<br />
Le moment était paradoxalement intemporel puisque les déportés n&rsquo;étaient<br />
jamais sûrs de ce qui se passerait à la fin de ce moment là.<br />
La mort, la vie, rien n&rsquo;était moins sûr.<br />
Cette composition montre l&rsquo;alignement rationalisé que nous retrouvons<br />
dans quelques autres œuvres présentées.<br />
Ce qui est différent ici, c&rsquo;est la place de la septième pierre.</span></p>
<p style="text-align: center;"><span style="font-family: andale mono, monospace; font-size: 12pt;">Les pierres sont les individus, le fil de fer barbelé, le corps, le lambeau de tissu, l&rsquo;uniforme.<br />
Six pierres sont alignées avec rigueur, on ne peut les déplacer.<br />
C&rsquo;est le règlement.<br />
La septième est ailleurs. L&rsquo;esprit, la pensée, la potentialité de survie, l&rsquo;échappatoire à la déréliction.<br />
Elle se déplace parfois pendant le temps de l&rsquo;exposition.</span></p>

<p>L&rsquo;appel était un de ces moments où pouvait s&rsquo;exprimer toutes les nombreuses contraintes incompréhensibles du système concentrationnaire. Le moment était paradoxalement intemporel puisque les déportés n&rsquo;étaient jamais sûrs de ce qui se passerait à la fin de ce moment là. La mort, la vie, rien n&rsquo;était moins sûr. Cette composition montre l&rsquo;alignement rationalisé que nous [&hellip;]</p>
