{"id":24,"date":"2016-04-21T20:48:19","date_gmt":"2016-04-21T19:48:19","guid":{"rendered":"http:\/\/www.fragments.asso.fr\/blog\/?page_id=24"},"modified":"2019-02-04T12:50:32","modified_gmt":"2019-02-04T11:50:32","slug":"fragments","status":"publish","type":"page","link":"http:\/\/www.fragments.asso.fr\/blog\/fragments\/","title":{"rendered":"Fragments"},"content":{"rendered":"<div style=\"text-align: center;\"><iframe loading=\"lazy\" style=\"display: inline-block;\" src=\"\/\/www.youtube.com\/embed\/dv69WZrWvIw\" allowfullscreen=\"allowfullscreen\" width=\"560\" height=\"315\" frameborder=\"0\"><\/iframe><\/div>\n<p>&nbsp;<\/p>\n<p style=\"text-align: center;\"><span style=\"font-family: andale mono, monospace; font-size: 12pt;\">Ce tableau est une association de plusieurs mat\u00e9riaux que nous n\u2019avons pas l\u2019habitude d\u2019associer. Il est, par son nom, l\u2019\u00e9vocation renouvel\u00e9e et permanente du Travail de M\u00e9moire dont chacun peut s\u2019emparer. <\/span><\/p>\n<p style=\"text-align: center;\"><span style=\"font-family: andale mono, monospace; font-size: 12pt;\">Les diff\u00e9rents mat\u00e9riaux montrent l\u2019appartenance diverse de ceux qui perp\u00e9tuent ce souvenir. Il semble que l\u2019humanit\u00e9, dans sa diversit\u00e9, est concern\u00e9e par cette histoire. Les t\u00e9moins directs peuvent encore nous dire ce que nous ne pouvons imaginer. Comment ferons-nous quand ils auront disparu&nbsp;? <\/span><\/p>\n<p style=\"text-align: center;\"><span style=\"font-family: andale mono, monospace; font-size: 12pt;\">Dans la r\u00e9union de toutes les composantes humaines attentives aux valeurs fondamentales de l\u2019humanit\u00e9, nous pouvons esp\u00e9rer que ce fragment ne sera pas perdu.<\/span><\/p>\n<p style=\"text-align: center;\"><span style=\"font-family: andale mono, monospace; font-size: 12pt;\"> Un fragment de texte* a \u00e9t\u00e9 grav\u00e9 sur ces deux pierres. Le texte n\u2019est pas visible. Il faut un effort pour d\u00e9chiffrer parce qu\u2019entre en jeu un codage&nbsp; particulier. C\u2019est un appel \u00e0 l\u2019effort personnel, \u00e0 la pens\u00e9e, \u00e0 la prise de distance d\u2019une certaine mat\u00e9rialit\u00e9. Les deux pierres sont ins\u00e9parables l\u2019une de l\u2019autre. Elles communiquent entre elles. Elles sont li\u00e9es par le fil de fer barbel\u00e9 qui rappelle les camps. Le tissu, sur lequel elles sont couch\u00e9es, rappelle ces bouts de tissus port\u00e9s par les d\u00e9port\u00e9s&nbsp;: uniforme, couverture, signes distinctifs, \u00e9toiles et triangles, \u2026<\/span><\/p>\n<p style=\"text-align: center;\"><span style=\"font-family: andale mono, monospace; font-size: 12pt;\">Chacun d\u2019entre vous est un peu pierre, un peu tissu, un peu fil barbel\u00e9, symboles vivants de notre rencontre pour cette exposition.<\/span><\/p>\n<p style=\"text-align: center;\"><span style=\"font-family: andale mono, monospace; font-size: 12pt;\">Nous sommes tous des morceaux, des fragments de cette M\u00e9moire collective.<\/span><\/p>\n<p>&nbsp;<\/p>\n<p style=\"padding-left: 30px; text-align: center;\"><span style=\"color: #545252; font-family: trebuchet ms,geneva,sans-serif; font-size: 10pt;\"><em>* Je suis de ces hommes, sans \u00e9toile sur le c\u0153ur <\/em><em>qui d\u00e9fendent la M\u00e9moire de ceux qui l&rsquo;ont port\u00e9e.<\/em><em><br \/>\n<\/em><em>Je suis de ceux qui, comme ces bannis de l&rsquo;humanit\u00e9,<\/em> <em>n&rsquo;ont jamais cess\u00e9 de combattre, par rage, d\u00e9sespoir et folie. <\/em><em><br \/>\n<\/em><em>ll coule dans mon corps leur sang sacrifi\u00e9 sur l&rsquo;autel de la barbarie<\/em> <em>et bient\u00f4t, si l&rsquo;on n&rsquo;y prend garde, au panth\u00e9on de l&rsquo;oubli.<\/em><\/span><\/p>\n","protected":false},"excerpt":{"rendered":"<p>&nbsp; Ce tableau est une association de plusieurs mat\u00e9riaux que nous n\u2019avons pas l\u2019habitude d\u2019associer. Il est, par son nom, l\u2019\u00e9vocation renouvel\u00e9e et permanente du Travail de M\u00e9moire dont chacun peut s\u2019emparer. Les diff\u00e9rents mat\u00e9riaux montrent l\u2019appartenance diverse de ceux qui perp\u00e9tuent ce souvenir. Il semble que l\u2019humanit\u00e9, dans sa diversit\u00e9, est concern\u00e9e par cette [&hellip;]<\/p>\n","protected":false},"author":1,"featured_media":0,"parent":0,"menu_order":0,"comment_status":"closed","ping_status":"closed","template":"templates\/page-full-width.php","meta":{"sfsi_plus_gutenberg_text_before_share":"","sfsi_plus_gutenberg_show_text_before_share":"","sfsi_plus_gutenberg_icon_type":"","sfsi_plus_gutenberg_icon_alignemt":"","sfsi_plus_gutenburg_max_per_row":"","footnotes":""},"class_list":["post-24","page","type-page","status-publish","hentry"],"_links":{"self":[{"href":"http:\/\/www.fragments.asso.fr\/blog\/wp-json\/wp\/v2\/pages\/24","targetHints":{"allow":["GET"]}}],"collection":[{"href":"http:\/\/www.fragments.asso.fr\/blog\/wp-json\/wp\/v2\/pages"}],"about":[{"href":"http:\/\/www.fragments.asso.fr\/blog\/wp-json\/wp\/v2\/types\/page"}],"author":[{"embeddable":true,"href":"http:\/\/www.fragments.asso.fr\/blog\/wp-json\/wp\/v2\/users\/1"}],"replies":[{"embeddable":true,"href":"http:\/\/www.fragments.asso.fr\/blog\/wp-json\/wp\/v2\/comments?post=24"}],"version-history":[{"count":47,"href":"http:\/\/www.fragments.asso.fr\/blog\/wp-json\/wp\/v2\/pages\/24\/revisions"}],"predecessor-version":[{"id":390,"href":"http:\/\/www.fragments.asso.fr\/blog\/wp-json\/wp\/v2\/pages\/24\/revisions\/390"}],"wp:attachment":[{"href":"http:\/\/www.fragments.asso.fr\/blog\/wp-json\/wp\/v2\/media?parent=24"}],"curies":[{"name":"wp","href":"https:\/\/api.w.org\/{rel}","templated":true}]}}

<div style="text-align: center;"><iframe loading="lazy" style="display: inline-block;" src="//www.youtube.com/embed/dv69WZrWvIw" allowfullscreen="allowfullscreen" width="560" height="315" frameborder="0"></iframe></div>
<p>&nbsp;</p>
<p style="text-align: center;"><span style="font-family: andale mono, monospace; font-size: 12pt;">Ce tableau est une association de plusieurs matériaux que nous n’avons pas l’habitude d’associer. Il est, par son nom, l’évocation renouvelée et permanente du Travail de Mémoire dont chacun peut s’emparer. </span></p>
<p style="text-align: center;"><span style="font-family: andale mono, monospace; font-size: 12pt;">Les différents matériaux montrent l’appartenance diverse de ceux qui perpétuent ce souvenir. Il semble que l’humanité, dans sa diversité, est concernée par cette histoire. Les témoins directs peuvent encore nous dire ce que nous ne pouvons imaginer. Comment ferons-nous quand ils auront disparu&nbsp;? </span></p>
<p style="text-align: center;"><span style="font-family: andale mono, monospace; font-size: 12pt;">Dans la réunion de toutes les composantes humaines attentives aux valeurs fondamentales de l’humanité, nous pouvons espérer que ce fragment ne sera pas perdu.</span></p>
<p style="text-align: center;"><span style="font-family: andale mono, monospace; font-size: 12pt;"> Un fragment de texte* a été gravé sur ces deux pierres. Le texte n’est pas visible. Il faut un effort pour déchiffrer parce qu’entre en jeu un codage&nbsp; particulier. C’est un appel à l’effort personnel, à la pensée, à la prise de distance d’une certaine matérialité. Les deux pierres sont inséparables l’une de l’autre. Elles communiquent entre elles. Elles sont liées par le fil de fer barbelé qui rappelle les camps. Le tissu, sur lequel elles sont couchées, rappelle ces bouts de tissus portés par les déportés&nbsp;: uniforme, couverture, signes distinctifs, étoiles et triangles, …</span></p>
<p style="text-align: center;"><span style="font-family: andale mono, monospace; font-size: 12pt;">Chacun d’entre vous est un peu pierre, un peu tissu, un peu fil barbelé, symboles vivants de notre rencontre pour cette exposition.</span></p>
<p style="text-align: center;"><span style="font-family: andale mono, monospace; font-size: 12pt;">Nous sommes tous des morceaux, des fragments de cette Mémoire collective.</span></p>
<p>&nbsp;</p>
<p style="padding-left: 30px; text-align: center;"><span style="color: #545252; font-family: trebuchet ms,geneva,sans-serif; font-size: 10pt;"><em>* Je suis de ces hommes, sans étoile sur le cœur </em><em>qui défendent la Mémoire de ceux qui l&rsquo;ont portée.</em><em><br />
</em><em>Je suis de ceux qui, comme ces bannis de l&rsquo;humanité,</em> <em>n&rsquo;ont jamais cessé de combattre, par rage, désespoir et folie. </em><em><br />
</em><em>ll coule dans mon corps leur sang sacrifié sur l&rsquo;autel de la barbarie</em> <em>et bientôt, si l&rsquo;on n&rsquo;y prend garde, au panthéon de l&rsquo;oubli.</em></span></p>

<p>&nbsp; Ce tableau est une association de plusieurs matériaux que nous n’avons pas l’habitude d’associer. Il est, par son nom, l’évocation renouvelée et permanente du Travail de Mémoire dont chacun peut s’emparer. Les différents matériaux montrent l’appartenance diverse de ceux qui perpétuent ce souvenir. Il semble que l’humanité, dans sa diversité, est concernée par cette [&hellip;]</p>
