{"id":32,"date":"2016-04-21T20:52:26","date_gmt":"2016-04-21T19:52:26","guid":{"rendered":"http:\/\/www.fragments.asso.fr\/blog\/?page_id=32"},"modified":"2019-02-04T12:54:16","modified_gmt":"2019-02-04T11:54:16","slug":"processus-individuel","status":"publish","type":"page","link":"http:\/\/www.fragments.asso.fr\/blog\/processus-individuel\/","title":{"rendered":"Processus individuel"},"content":{"rendered":"<p>&nbsp;<\/p>\n<p style=\"text-align: center;\"><iframe loading=\"lazy\" src=\"\/\/www.youtube.com\/embed\/cmEIuyNTIBY\" allowfullscreen=\"allowfullscreen\" width=\"560\" height=\"315\" frameborder=\"0\"><\/iframe><\/p>\n<p>&nbsp;<\/p>\n<p style=\"text-align: center;\"><span style=\"font-family: andale mono, monospace; font-size: 12pt;\">Un tsigane disait&nbsp;: \u00ab\u00a0Les camps, c\u2019est de l\u2019encre et du papier\u00a0\u00bb.<\/span><\/p>\n<p style=\"text-align: center;\"><span style=\"font-family: andale mono, monospace; font-size: 12pt;\">Cette composition se pr\u00e9sente sous la forme de trois tiroirs identiques dans une \u00e9vocation tr\u00e8s minimaliste d\u2019un meuble d\u2019un bureau de Pr\u00e9fecture. <\/span><\/p>\n<p style=\"text-align: center;\"><span style=\"font-family: andale mono, monospace; font-size: 12pt;\">Ce qu\u2019il faut aller chercher, le plus important, est \u00e0 l\u2019int\u00e9rieur des tiroirs.<\/span><\/p>\n<hr>\n<p><span style=\"font-family: arial, helvetica, sans-serif; font-size: 18pt;\">Premier tiroir&nbsp;: Arrestation<\/span><\/p>\n<p><img loading=\"lazy\" decoding=\"async\" class=\"size-medium wp-image-255 alignleft\" src=\"http:\/\/www.fragments.asso.fr\/blog\/wp-content\/uploads\/2016\/04\/mem06a-284x300.gif\" alt=\"mem06a\" width=\"284\" height=\"300\"><\/p>\n<p style=\"text-align: center;\"><span style=\"font-family: andale mono, monospace; font-size: 12pt;\">La structure graphique principale (les bandes de papier) est horizontale. Elle \u00e9voque l\u2019universalit\u00e9, la transversalit\u00e9 et la dimension g\u00e9nocidaire du processus intellectuel. En effet la bureaucratie et la technocratie, puisqu\u2019il en est ici question, sont les moyens organisationnels pour parvenir \u00e0 l\u2019\u00e9limination syst\u00e9matique. <\/span><\/p>\n<p style=\"text-align: center;\"><span style=\"font-family: andale mono, monospace; font-size: 12pt;\">Lorsque la puissante machine \u00e9tatique met en \u0153uvre ses services dans un but d\u2019\u00e9limination syst\u00e9matique d\u2019une communaut\u00e9 cela entra\u00eene un g\u00e9nocide. Le barbel\u00e9 forme des cases, \u00e9voquant un classement par cat\u00e9gorie. Le personnage au deuxi\u00e8me plan est dans plusieurs cat\u00e9gories. Lorsqu\u2019on veut \u00e9liminer un individu, plusieurs moyens, &nbsp;tous plus efficaces les uns des autres, m\u00e8nent au r\u00e9sultat voulu politiquement. Dans ce premier tiroir, est \u00e9voqu\u00e9e la constitution de fichiers menant \u00e0 une classification fatale et mortif\u00e8re.<\/span><\/p>\n<p>&nbsp;<\/p>\n<hr>\n<p><span style=\"font-family: arial, helvetica, sans-serif; font-size: 18pt;\">Deuxi\u00e8me tiroir&nbsp;: Concentration<\/span><\/p>\n<p style=\"text-align: center;\"><img loading=\"lazy\" decoding=\"async\" class=\"size-medium wp-image-256 alignleft\" src=\"http:\/\/www.fragments.asso.fr\/blog\/wp-content\/uploads\/2016\/04\/mem06b-291x300.gif\" alt=\"mem06b\" width=\"291\" height=\"300\"><\/p>\n<p style=\"text-align: center;\"><span style=\"font-family: andale mono, monospace; font-size: 12pt;\">Le fond (les bandes de papier) est maintenant vertical. Il \u00e9voque l\u2019interrogation qu\u2019imposent le syst\u00e8me concentrationnaire et son processus d\u2019\u00e9limination \u00e0 l\u2019\u00e2me humaine et aux croyances de tous types. La liaison entre le ciel, la spiritualit\u00e9, et la terre, la mat\u00e9rialit\u00e9, est ici rompue ou du moins en interrogation permanente. Le m\u00eame personnage issu des tris s\u00e9lectifs est dans la m\u00eame position. Il para\u00eet dans le m\u00eame espace temps et pourtant il n\u2019en est rien. Sa condition est chang\u00e9e parce que son rapport aux autres a chang\u00e9. Pourquoi le Dieu, en lequel ils croient, les a abandonn\u00e9&nbsp;? On remarque aussi que le nombre de fils barbel\u00e9s diminue.<\/span><\/p>\n<p>&nbsp;<\/p>\n<hr>\n<p><span style=\"font-family: arial, helvetica, sans-serif; font-size: 18pt;\">Troisi\u00e8me tiroir&nbsp;: D\u00e9sindividualisation<\/span><\/p>\n<p><img loading=\"lazy\" decoding=\"async\" class=\"size-medium wp-image-257 alignleft\" src=\"http:\/\/www.fragments.asso.fr\/blog\/wp-content\/uploads\/2016\/04\/mem06c-288x300.gif\" alt=\"mem06c\" width=\"288\" height=\"300\"><\/p>\n<p style=\"text-align: center;\"><span style=\"font-family: andale mono, monospace; font-size: 12pt;\">\u00ab\u00a0Ils ont tu\u00e9 la mort\u00a0\u00bb. S\u2019il n\u2019y a pas de vie humaine identifiable avec nos rep\u00e8res, nous ne pouvons imaginer comment les d\u00e9port\u00e9s pouvaient envisager leur mort. Quelle repr\u00e9sentation pouvaient-ils s\u2019en faire&nbsp;? Avec ce dernier tiroir, tous les rep\u00e8res identifiables \u00e9clatent. Les fils barbel\u00e9s sont entass\u00e9s sans structure. Le personnage que l\u2019on pouvait identifier quelque temps avant n\u2019est plus qu\u2019une d\u00e9structuration mentale d\u00e9sincarn\u00e9e.<\/span><\/p>\n<p style=\"text-align: center;\"><span style=\"font-family: andale mono, monospace; font-size: 12pt;\">La d\u00e9r\u00e9liction, l\u2019innommable, le non mesurable \u2026&nbsp;&nbsp;&nbsp;&nbsp;<\/span><\/p>\n","protected":false},"excerpt":{"rendered":"<p>&nbsp; &nbsp; Un tsigane disait&nbsp;: \u00ab\u00a0Les camps, c\u2019est de l\u2019encre et du papier\u00a0\u00bb. Cette composition se pr\u00e9sente sous la forme de trois tiroirs identiques dans une \u00e9vocation tr\u00e8s minimaliste d\u2019un meuble d\u2019un bureau de Pr\u00e9fecture. Ce qu\u2019il faut aller chercher, le plus important, est \u00e0 l\u2019int\u00e9rieur des tiroirs. Premier tiroir&nbsp;: Arrestation La structure graphique principale [&hellip;]<\/p>\n","protected":false},"author":1,"featured_media":0,"parent":0,"menu_order":0,"comment_status":"closed","ping_status":"closed","template":"templates\/page-full-width.php","meta":{"sfsi_plus_gutenberg_text_before_share":"","sfsi_plus_gutenberg_show_text_before_share":"","sfsi_plus_gutenberg_icon_type":"","sfsi_plus_gutenberg_icon_alignemt":"","sfsi_plus_gutenburg_max_per_row":"","footnotes":""},"class_list":["post-32","page","type-page","status-publish","hentry"],"_links":{"self":[{"href":"http:\/\/www.fragments.asso.fr\/blog\/wp-json\/wp\/v2\/pages\/32","targetHints":{"allow":["GET"]}}],"collection":[{"href":"http:\/\/www.fragments.asso.fr\/blog\/wp-json\/wp\/v2\/pages"}],"about":[{"href":"http:\/\/www.fragments.asso.fr\/blog\/wp-json\/wp\/v2\/types\/page"}],"author":[{"embeddable":true,"href":"http:\/\/www.fragments.asso.fr\/blog\/wp-json\/wp\/v2\/users\/1"}],"replies":[{"embeddable":true,"href":"http:\/\/www.fragments.asso.fr\/blog\/wp-json\/wp\/v2\/comments?post=32"}],"version-history":[{"count":13,"href":"http:\/\/www.fragments.asso.fr\/blog\/wp-json\/wp\/v2\/pages\/32\/revisions"}],"predecessor-version":[{"id":398,"href":"http:\/\/www.fragments.asso.fr\/blog\/wp-json\/wp\/v2\/pages\/32\/revisions\/398"}],"wp:attachment":[{"href":"http:\/\/www.fragments.asso.fr\/blog\/wp-json\/wp\/v2\/media?parent=32"}],"curies":[{"name":"wp","href":"https:\/\/api.w.org\/{rel}","templated":true}]}}

<p>&nbsp;</p>
<p style="text-align: center;"><iframe loading="lazy" src="//www.youtube.com/embed/cmEIuyNTIBY" allowfullscreen="allowfullscreen" width="560" height="315" frameborder="0"></iframe></p>
<p>&nbsp;</p>
<p style="text-align: center;"><span style="font-family: andale mono, monospace; font-size: 12pt;">Un tsigane disait&nbsp;: « Les camps, c’est de l’encre et du papier ».</span></p>
<p style="text-align: center;"><span style="font-family: andale mono, monospace; font-size: 12pt;">Cette composition se présente sous la forme de trois tiroirs identiques dans une évocation très minimaliste d’un meuble d’un bureau de Préfecture. </span></p>
<p style="text-align: center;"><span style="font-family: andale mono, monospace; font-size: 12pt;">Ce qu’il faut aller chercher, le plus important, est à l’intérieur des tiroirs.</span></p>
<hr>
<p><span style="font-family: arial, helvetica, sans-serif; font-size: 18pt;">Premier tiroir&nbsp;: Arrestation</span></p>
<p><img loading="lazy" decoding="async" class="size-medium wp-image-255 alignleft" src="http://www.fragments.asso.fr/blog/wp-content/uploads/2016/04/mem06a-284x300.gif" alt="mem06a" width="284" height="300"></p>
<p style="text-align: center;"><span style="font-family: andale mono, monospace; font-size: 12pt;">La structure graphique principale (les bandes de papier) est horizontale. Elle évoque l’universalité, la transversalité et la dimension génocidaire du processus intellectuel. En effet la bureaucratie et la technocratie, puisqu’il en est ici question, sont les moyens organisationnels pour parvenir à l’élimination systématique. </span></p>
<p style="text-align: center;"><span style="font-family: andale mono, monospace; font-size: 12pt;">Lorsque la puissante machine étatique met en œuvre ses services dans un but d’élimination systématique d’une communauté cela entraîne un génocide. Le barbelé forme des cases, évoquant un classement par catégorie. Le personnage au deuxième plan est dans plusieurs catégories. Lorsqu’on veut éliminer un individu, plusieurs moyens, &nbsp;tous plus efficaces les uns des autres, mènent au résultat voulu politiquement. Dans ce premier tiroir, est évoquée la constitution de fichiers menant à une classification fatale et mortifère.</span></p>
<p>&nbsp;</p>
<hr>
<p><span style="font-family: arial, helvetica, sans-serif; font-size: 18pt;">Deuxième tiroir&nbsp;: Concentration</span></p>
<p style="text-align: center;"><img loading="lazy" decoding="async" class="size-medium wp-image-256 alignleft" src="http://www.fragments.asso.fr/blog/wp-content/uploads/2016/04/mem06b-291x300.gif" alt="mem06b" width="291" height="300"></p>
<p style="text-align: center;"><span style="font-family: andale mono, monospace; font-size: 12pt;">Le fond (les bandes de papier) est maintenant vertical. Il évoque l’interrogation qu’imposent le système concentrationnaire et son processus d’élimination à l’âme humaine et aux croyances de tous types. La liaison entre le ciel, la spiritualité, et la terre, la matérialité, est ici rompue ou du moins en interrogation permanente. Le même personnage issu des tris sélectifs est dans la même position. Il paraît dans le même espace temps et pourtant il n’en est rien. Sa condition est changée parce que son rapport aux autres a changé. Pourquoi le Dieu, en lequel ils croient, les a abandonné&nbsp;? On remarque aussi que le nombre de fils barbelés diminue.</span></p>
<p>&nbsp;</p>
<hr>
<p><span style="font-family: arial, helvetica, sans-serif; font-size: 18pt;">Troisième tiroir&nbsp;: Désindividualisation</span></p>
<p><img loading="lazy" decoding="async" class="size-medium wp-image-257 alignleft" src="http://www.fragments.asso.fr/blog/wp-content/uploads/2016/04/mem06c-288x300.gif" alt="mem06c" width="288" height="300"></p>
<p style="text-align: center;"><span style="font-family: andale mono, monospace; font-size: 12pt;">« Ils ont tué la mort ». S’il n’y a pas de vie humaine identifiable avec nos repères, nous ne pouvons imaginer comment les déportés pouvaient envisager leur mort. Quelle représentation pouvaient-ils s’en faire&nbsp;? Avec ce dernier tiroir, tous les repères identifiables éclatent. Les fils barbelés sont entassés sans structure. Le personnage que l’on pouvait identifier quelque temps avant n’est plus qu’une déstructuration mentale désincarnée.</span></p>
<p style="text-align: center;"><span style="font-family: andale mono, monospace; font-size: 12pt;">La déréliction, l’innommable, le non mesurable …&nbsp;&nbsp;&nbsp;&nbsp;</span></p>

<p>&nbsp; &nbsp; Un tsigane disait&nbsp;: « Les camps, c’est de l’encre et du papier ». Cette composition se présente sous la forme de trois tiroirs identiques dans une évocation très minimaliste d’un meuble d’un bureau de Préfecture. Ce qu’il faut aller chercher, le plus important, est à l’intérieur des tiroirs. Premier tiroir&nbsp;: Arrestation La structure graphique principale [&hellip;]</p>
