{"id":572,"date":"2022-11-04T14:58:42","date_gmt":"2022-11-04T13:58:42","guid":{"rendered":"https:\/\/www.fragments.asso.fr\/blog\/?page_id=572"},"modified":"2023-09-01T11:10:20","modified_gmt":"2023-09-01T10:10:20","slug":"dossiers-daccompagnement","status":"publish","type":"page","link":"http:\/\/www.fragments.asso.fr\/blog\/dossiers-daccompagnement\/","title":{"rendered":"Dossiers d&rsquo;accompagnement"},"content":{"rendered":"\n\n\n<div class=\"wp-block-media-text alignwide is-stacked-on-mobile\" style=\"grid-template-columns:27% auto\"><figure class=\"wp-block-media-text__media\"><img loading=\"lazy\" decoding=\"async\" width=\"360\" height=\"534\" src=\"http:\/\/www.fragments.asso.fr\/blog\/wp-content\/uploads\/2022\/11\/Capture-decran-2022-11-04-a-14.50.27.png\" alt=\"\" class=\"wp-image-569 size-full\" srcset=\"http:\/\/www.fragments.asso.fr\/blog\/wp-content\/uploads\/2022\/11\/Capture-decran-2022-11-04-a-14.50.27.png 360w, http:\/\/www.fragments.asso.fr\/blog\/wp-content\/uploads\/2022\/11\/Capture-decran-2022-11-04-a-14.50.27-202x300.png 202w\" sizes=\"auto, (max-width: 360px) 100vw, 360px\" \/><\/figure><div class=\"wp-block-media-text__content\">\n<p>Le dossier d&rsquo;accompagnement complet de l&rsquo;exposition est \u00e0 t\u00e9l\u00e9charger <a href=\"http:\/\/www.fragments.asso.fr\/blog\/wp-content\/uploads\/2022\/11\/Dossier-V22.pdf\" target=\"_blank\" rel=\"noreferrer noopener\">ici<\/a>.<\/p>\n<\/div><\/div>\n\n\n\n<div class=\"wp-block-media-text is-stacked-on-mobile\" style=\"grid-template-columns:27% auto\"><figure class=\"wp-block-media-text__media\"><img loading=\"lazy\" decoding=\"async\" width=\"506\" height=\"470\" src=\"http:\/\/www.fragments.asso.fr\/blog\/wp-content\/uploads\/2023\/09\/Capture-decran-2023-09-01-a-12.09.46.png\" alt=\"\" class=\"wp-image-642 size-full\" srcset=\"http:\/\/www.fragments.asso.fr\/blog\/wp-content\/uploads\/2023\/09\/Capture-decran-2023-09-01-a-12.09.46.png 506w, http:\/\/www.fragments.asso.fr\/blog\/wp-content\/uploads\/2023\/09\/Capture-decran-2023-09-01-a-12.09.46-300x279.png 300w\" sizes=\"auto, (max-width: 506px) 100vw, 506px\" \/><\/figure><div class=\"wp-block-media-text__content\">\n<p><a href=\"http:\/\/www.fragments.asso.fr\/blog\/wp-content\/uploads\/2023\/09\/Livret-Fragments-2.pdf\">La plaquette de l&rsquo;exposition<\/a><\/p>\n<\/div><\/div>\n","protected":false},"excerpt":{"rendered":"<p>Le dossier d&rsquo;accompagnement complet de l&rsquo;exposition est \u00e0 t\u00e9l\u00e9charger ici. La plaquette de l&rsquo;exposition<\/p>\n","protected":false},"author":1,"featured_media":0,"parent":0,"menu_order":0,"comment_status":"closed","ping_status":"closed","template":"templates\/page-full-width-no-title.php","meta":{"sfsi_plus_gutenberg_text_before_share":"","sfsi_plus_gutenberg_show_text_before_share":"","sfsi_plus_gutenberg_icon_type":"","sfsi_plus_gutenberg_icon_alignemt":"","sfsi_plus_gutenburg_max_per_row":"","footnotes":""},"class_list":["post-572","page","type-page","status-publish","hentry"],"_links":{"self":[{"href":"http:\/\/www.fragments.asso.fr\/blog\/wp-json\/wp\/v2\/pages\/572","targetHints":{"allow":["GET"]}}],"collection":[{"href":"http:\/\/www.fragments.asso.fr\/blog\/wp-json\/wp\/v2\/pages"}],"about":[{"href":"http:\/\/www.fragments.asso.fr\/blog\/wp-json\/wp\/v2\/types\/page"}],"author":[{"embeddable":true,"href":"http:\/\/www.fragments.asso.fr\/blog\/wp-json\/wp\/v2\/users\/1"}],"replies":[{"embeddable":true,"href":"http:\/\/www.fragments.asso.fr\/blog\/wp-json\/wp\/v2\/comments?post=572"}],"version-history":[{"count":4,"href":"http:\/\/www.fragments.asso.fr\/blog\/wp-json\/wp\/v2\/pages\/572\/revisions"}],"predecessor-version":[{"id":643,"href":"http:\/\/www.fragments.asso.fr\/blog\/wp-json\/wp\/v2\/pages\/572\/revisions\/643"}],"wp:attachment":[{"href":"http:\/\/www.fragments.asso.fr\/blog\/wp-json\/wp\/v2\/media?parent=572"}],"curies":[{"name":"wp","href":"https:\/\/api.w.org\/{rel}","templated":true}]}}

<div class="wp-block-media-text alignwide is-stacked-on-mobile" style="grid-template-columns:27% auto"><figure class="wp-block-media-text__media"><img loading="lazy" decoding="async" width="360" height="534" src="http://www.fragments.asso.fr/blog/wp-content/uploads/2022/11/Capture-decran-2022-11-04-a-14.50.27.png" alt="" class="wp-image-569 size-full" srcset="http://www.fragments.asso.fr/blog/wp-content/uploads/2022/11/Capture-decran-2022-11-04-a-14.50.27.png 360w, http://www.fragments.asso.fr/blog/wp-content/uploads/2022/11/Capture-decran-2022-11-04-a-14.50.27-202x300.png 202w" sizes="auto, (max-width: 360px) 100vw, 360px" /></figure><div class="wp-block-media-text__content">
<p>Le dossier d&rsquo;accompagnement complet de l&rsquo;exposition est à télécharger <a href="http://www.fragments.asso.fr/blog/wp-content/uploads/2022/11/Dossier-V22.pdf" target="_blank" rel="noreferrer noopener">ici</a>.</p>
</div></div>



<div class="wp-block-media-text is-stacked-on-mobile" style="grid-template-columns:27% auto"><figure class="wp-block-media-text__media"><img loading="lazy" decoding="async" width="506" height="470" src="http://www.fragments.asso.fr/blog/wp-content/uploads/2023/09/Capture-decran-2023-09-01-a-12.09.46.png" alt="" class="wp-image-642 size-full" srcset="http://www.fragments.asso.fr/blog/wp-content/uploads/2023/09/Capture-decran-2023-09-01-a-12.09.46.png 506w, http://www.fragments.asso.fr/blog/wp-content/uploads/2023/09/Capture-decran-2023-09-01-a-12.09.46-300x279.png 300w" sizes="auto, (max-width: 506px) 100vw, 506px" /></figure><div class="wp-block-media-text__content">
<p><a href="http://www.fragments.asso.fr/blog/wp-content/uploads/2023/09/Livret-Fragments-2.pdf">La plaquette de l&rsquo;exposition</a></p>
</div></div>

<p>Le dossier d&rsquo;accompagnement complet de l&rsquo;exposition est à télécharger ici. La plaquette de l&rsquo;exposition</p>
