{"id":2,"date":"2016-03-30T20:46:28","date_gmt":"2016-03-30T19:46:28","guid":{"rendered":"http:\/\/www.fragments.asso.fr\/blog\/?page_id=2"},"modified":"2023-01-08T12:42:52","modified_gmt":"2023-01-08T11:42:52","slug":"page-d-exemple","status":"publish","type":"page","link":"https:\/\/www.fragments.asso.fr\/blog\/","title":{"rendered":"Une exposition de sculpture et de peinture de St\u00e9phane Brunel &#8230;"},"content":{"rendered":"\n<p style=\"text-align: center;\"><span style=\"font-family: andale mono, monospace; font-size: 12pt;\">Fragments est une invitation \u00e0 prendre un moment dans nos vies agit\u00e9es et &nbsp;multiples. Prendre un moment, prendre le temps ce n\u2019est pas si simple. Cela demande un effort, \u00e0 la fois physique et intellectuel. S\u2019arr\u00eater un temps pour se poser des questions, s\u2019interroger sur notre place dans la transmission de la M\u00e9moire de Shoah. <\/span><\/p>\n<p style=\"text-align: center;\"><span style=\"font-family: andale mono, monospace; font-size: 12pt;\">Voil\u00e0 ce que l\u2019auteur de ces compositions fragmentaires propose. Ce g\u00e9nocide n\u2019est pas arriv\u00e9 du jour au lendemain. Tout cela proc\u00e8de d\u2019une longue maturation. C\u2019est un engendrement qui ne survient pas par hasard. Comment faire pour que cela ne se reproduise pas, comment rep\u00e9rer les signes pr\u00e9dictifs, les signaux faibles, d\u2019un possible recommencement&nbsp;? <\/span><\/p>\n<p style=\"text-align: center;\"><span style=\"font-family: andale mono, monospace; font-size: 12pt;\">Cette exposition n\u2019apporte pas de r\u00e9ponses, elle essaie simplement de remettre en \u00e9vidence des \u00e9l\u00e9ments de notre m\u00e9moire oubli\u00e9e. Pour ce faire, l\u2019auteur propose des constructions qui en elles-m\u00eames portent les structures intellectuelles et mentales de cette catastrophe. Vous faites tous partie des vecteurs potentiels de la transmission de cette m\u00e9moire. Comment ferons-nous lorsque les t\u00e9moins vivants auront disparu d\u00e9finitivement&nbsp;? Beaucoup d\u2019autres questions restent sans r\u00e9ponses.<\/span><\/p>\n<p style=\"text-align: center;\"><span style=\"font-family: andale mono, monospace; font-size: 12pt;\">Pour terminer cette rapide pr\u00e9sentation, il est important d\u2019aborder cette exposition en ayant une posture intellectuelle simple pour une meilleure compr\u00e9hension historique de cette catastrophe. L\u2019histoire de cette d\u00e9r\u00e9liction ne peut rester moralisante, elle ne peut \u00eatre inquisitoriale et enfin elle ne peut se r\u00e9soudre \u00e0 la seule \u00e9motion.<\/span><\/p>\n<p style=\"text-align: center;\"><span style=\"font-family: andale mono, monospace; font-size: 12pt;\">Cette exposition se veut un lieu d\u2019\u00e9changes dans le respect des valeurs qui font ce que nous sommes&nbsp;: des femmes et des hommes libres, \u00e9gaux dans la Fraternit\u00e9.<\/span><\/p>\n\n\n\n<hr class=\"wp-block-separator has-css-opacity\"\/>\n\n\n\n<div class=\"wp-block-media-text alignwide is-stacked-on-mobile\" style=\"grid-template-columns:25% auto\"><figure class=\"wp-block-media-text__media\"><img loading=\"lazy\" decoding=\"async\" width=\"768\" height=\"1024\" src=\"http:\/\/www.fragments.asso.fr\/blog\/wp-content\/uploads\/2023\/01\/IMG_5703-768x1024.jpg\" alt=\"\" class=\"wp-image-581 size-full\" srcset=\"https:\/\/www.fragments.asso.fr\/blog\/wp-content\/uploads\/2023\/01\/IMG_5703-768x1024.jpg 768w, https:\/\/www.fragments.asso.fr\/blog\/wp-content\/uploads\/2023\/01\/IMG_5703-225x300.jpg 225w, https:\/\/www.fragments.asso.fr\/blog\/wp-content\/uploads\/2023\/01\/IMG_5703-1152x1536.jpg 1152w, https:\/\/www.fragments.asso.fr\/blog\/wp-content\/uploads\/2023\/01\/IMG_5703-1536x2048.jpg 1536w, https:\/\/www.fragments.asso.fr\/blog\/wp-content\/uploads\/2023\/01\/IMG_5703-scaled.jpg 1920w\" sizes=\"auto, (max-width: 768px) 100vw, 768px\" \/><\/figure><div class=\"wp-block-media-text__content\">\n<h2><span style=\"font-family: arial, helvetica, sans-serif; font-size: 18pt;\"><strong>Exposition du 20 F\u00e9vrier au 5 Mars 2023 \u00e0 <a style=\"pointer-events: none;\" tabindex=\"-1\" href=\"https:\/\/www.perigueux-visitation.fr\/\" target=\"_blank\" rel=\"noopener\">la Visitation \u00e0 P\u00e9rigueux.<\/a><\/strong><\/span><\/h2>\n<\/div><\/div>\n\n\n\n<div class=\"wp-block-media-text alignwide is-stacked-on-mobile\" style=\"grid-template-columns:25% auto\"><figure class=\"wp-block-media-text__media\"><img loading=\"lazy\" decoding=\"async\" width=\"768\" height=\"1024\" src=\"https:\/\/www.fragments.asso.fr\/blog\/wp-content\/uploads\/2023\/01\/IMG_5696-768x1024.jpg\" alt=\"\" class=\"wp-image-598 size-full\" srcset=\"https:\/\/www.fragments.asso.fr\/blog\/wp-content\/uploads\/2023\/01\/IMG_5696-768x1024.jpg 768w, https:\/\/www.fragments.asso.fr\/blog\/wp-content\/uploads\/2023\/01\/IMG_5696-225x300.jpg 225w, https:\/\/www.fragments.asso.fr\/blog\/wp-content\/uploads\/2023\/01\/IMG_5696-1152x1536.jpg 1152w, https:\/\/www.fragments.asso.fr\/blog\/wp-content\/uploads\/2023\/01\/IMG_5696-1536x2048.jpg 1536w, https:\/\/www.fragments.asso.fr\/blog\/wp-content\/uploads\/2023\/01\/IMG_5696-scaled.jpg 1920w\" sizes=\"auto, (max-width: 768px) 100vw, 768px\" \/><\/figure><div class=\"wp-block-media-text__content\">\n<h2 class=\"wp-block-heading\"><strong>Exposition du 20 Mars au 20 Mai 2023 au <a href=\"https:\/\/www.agglo-foix-varilhes.fr\/content\/centre-dhistoire-de-la-resistance-et-de-la-deportation\" target=\"_blank\" rel=\"noreferrer noopener\">Centre d&rsquo;Histoire de la R\u00e9sistance et de la D\u00e9portation \u00e0 Foix.<\/a><\/strong><\/h2>\n<\/div><\/div>\n\n\n\n<figure class=\"wp-block-table\"><table><tbody><tr><td class=\"has-text-align-center\" data-align=\"center\"><img loading=\"lazy\" decoding=\"async\" width=\"56\" height=\"56\" src=\"http:\/\/www.fragments.asso.fr\/blog\/wp-content\/uploads\/2019\/01\/mail-1454731_640-300x300.png\" alt=\"\"><br>secretariat.fragments@gmail.com<\/td><td class=\"has-text-align-center\" data-align=\"center\"><a rel=\"noreferrer noopener\" href=\"https:\/\/www.helloasso.com\/associations\/association-fragments\/formulaires\/1\" target=\"_blank\">Faites un Don<\/a> <br>pour aider Fragments<\/td><\/tr><\/tbody><\/table><\/figure>\n\n\n\n<hr \/>\n<p>\u00a0<\/p>\n","protected":false},"excerpt":{"rendered":"<p>Fragments est une invitation \u00e0 prendre un moment dans nos vies agit\u00e9es et &nbsp;multiples. Prendre un moment, prendre le temps ce n\u2019est pas si simple. Cela demande un effort, \u00e0 la fois physique et intellectuel. S\u2019arr\u00eater un temps pour se poser des questions, s\u2019interroger sur notre place dans la transmission de la M\u00e9moire de Shoah. [&hellip;]<\/p>\n","protected":false},"author":1,"featured_media":0,"parent":0,"menu_order":0,"comment_status":"closed","ping_status":"open","template":"templates\/page-full-width.php","meta":{"sfsi_plus_gutenberg_text_before_share":"","sfsi_plus_gutenberg_show_text_before_share":"","sfsi_plus_gutenberg_icon_type":"","sfsi_plus_gutenberg_icon_alignemt":"","sfsi_plus_gutenburg_max_per_row":"","footnotes":""},"class_list":["post-2","page","type-page","status-publish","hentry"],"_links":{"self":[{"href":"https:\/\/www.fragments.asso.fr\/blog\/wp-json\/wp\/v2\/pages\/2","targetHints":{"allow":["GET"]}}],"collection":[{"href":"https:\/\/www.fragments.asso.fr\/blog\/wp-json\/wp\/v2\/pages"}],"about":[{"href":"https:\/\/www.fragments.asso.fr\/blog\/wp-json\/wp\/v2\/types\/page"}],"author":[{"embeddable":true,"href":"https:\/\/www.fragments.asso.fr\/blog\/wp-json\/wp\/v2\/users\/1"}],"replies":[{"embeddable":true,"href":"https:\/\/www.fragments.asso.fr\/blog\/wp-json\/wp\/v2\/comments?post=2"}],"version-history":[{"count":61,"href":"https:\/\/www.fragments.asso.fr\/blog\/wp-json\/wp\/v2\/pages\/2\/revisions"}],"predecessor-version":[{"id":601,"href":"https:\/\/www.fragments.asso.fr\/blog\/wp-json\/wp\/v2\/pages\/2\/revisions\/601"}],"wp:attachment":[{"href":"https:\/\/www.fragments.asso.fr\/blog\/wp-json\/wp\/v2\/media?parent=2"}],"curies":[{"name":"wp","href":"https:\/\/api.w.org\/{rel}","templated":true}]}}

Une exposition de sculpture et de peinture de Stéphane Brunel &#8230;

<p style="text-align: center;"><span style="font-family: andale mono, monospace; font-size: 12pt;">Fragments est une invitation à prendre un moment dans nos vies agitées et &nbsp;multiples. Prendre un moment, prendre le temps ce n’est pas si simple. Cela demande un effort, à la fois physique et intellectuel. S’arrêter un temps pour se poser des questions, s’interroger sur notre place dans la transmission de la Mémoire de Shoah. </span></p>
<p style="text-align: center;"><span style="font-family: andale mono, monospace; font-size: 12pt;">Voilà ce que l’auteur de ces compositions fragmentaires propose. Ce génocide n’est pas arrivé du jour au lendemain. Tout cela procède d’une longue maturation. C’est un engendrement qui ne survient pas par hasard. Comment faire pour que cela ne se reproduise pas, comment repérer les signes prédictifs, les signaux faibles, d’un possible recommencement&nbsp;? </span></p>
<p style="text-align: center;"><span style="font-family: andale mono, monospace; font-size: 12pt;">Cette exposition n’apporte pas de réponses, elle essaie simplement de remettre en évidence des éléments de notre mémoire oubliée. Pour ce faire, l’auteur propose des constructions qui en elles-mêmes portent les structures intellectuelles et mentales de cette catastrophe. Vous faites tous partie des vecteurs potentiels de la transmission de cette mémoire. Comment ferons-nous lorsque les témoins vivants auront disparu définitivement&nbsp;? Beaucoup d’autres questions restent sans réponses.</span></p>
<p style="text-align: center;"><span style="font-family: andale mono, monospace; font-size: 12pt;">Pour terminer cette rapide présentation, il est important d’aborder cette exposition en ayant une posture intellectuelle simple pour une meilleure compréhension historique de cette catastrophe. L’histoire de cette déréliction ne peut rester moralisante, elle ne peut être inquisitoriale et enfin elle ne peut se résoudre à la seule émotion.</span></p>
<p style="text-align: center;"><span style="font-family: andale mono, monospace; font-size: 12pt;">Cette exposition se veut un lieu d’échanges dans le respect des valeurs qui font ce que nous sommes&nbsp;: des femmes et des hommes libres, égaux dans la Fraternité.</span></p>



<hr class="wp-block-separator has-css-opacity"/>



<div class="wp-block-media-text alignwide is-stacked-on-mobile" style="grid-template-columns:25% auto"><figure class="wp-block-media-text__media"><img loading="lazy" decoding="async" width="768" height="1024" src="http://www.fragments.asso.fr/blog/wp-content/uploads/2023/01/IMG_5703-768x1024.jpg" alt="" class="wp-image-581 size-full" srcset="https://www.fragments.asso.fr/blog/wp-content/uploads/2023/01/IMG_5703-768x1024.jpg 768w, https://www.fragments.asso.fr/blog/wp-content/uploads/2023/01/IMG_5703-225x300.jpg 225w, https://www.fragments.asso.fr/blog/wp-content/uploads/2023/01/IMG_5703-1152x1536.jpg 1152w, https://www.fragments.asso.fr/blog/wp-content/uploads/2023/01/IMG_5703-1536x2048.jpg 1536w, https://www.fragments.asso.fr/blog/wp-content/uploads/2023/01/IMG_5703-scaled.jpg 1920w" sizes="auto, (max-width: 768px) 100vw, 768px" /></figure><div class="wp-block-media-text__content">
<h2><span style="font-family: arial, helvetica, sans-serif; font-size: 18pt;"><strong>Exposition du 20 Février au 5 Mars 2023 à <a style="pointer-events: none;" tabindex="-1" href="https://www.perigueux-visitation.fr/" target="_blank" rel="noopener">la Visitation à Périgueux.</a></strong></span></h2>
</div></div>



<div class="wp-block-media-text alignwide is-stacked-on-mobile" style="grid-template-columns:25% auto"><figure class="wp-block-media-text__media"><img loading="lazy" decoding="async" width="768" height="1024" src="https://www.fragments.asso.fr/blog/wp-content/uploads/2023/01/IMG_5696-768x1024.jpg" alt="" class="wp-image-598 size-full" srcset="https://www.fragments.asso.fr/blog/wp-content/uploads/2023/01/IMG_5696-768x1024.jpg 768w, https://www.fragments.asso.fr/blog/wp-content/uploads/2023/01/IMG_5696-225x300.jpg 225w, https://www.fragments.asso.fr/blog/wp-content/uploads/2023/01/IMG_5696-1152x1536.jpg 1152w, https://www.fragments.asso.fr/blog/wp-content/uploads/2023/01/IMG_5696-1536x2048.jpg 1536w, https://www.fragments.asso.fr/blog/wp-content/uploads/2023/01/IMG_5696-scaled.jpg 1920w" sizes="auto, (max-width: 768px) 100vw, 768px" /></figure><div class="wp-block-media-text__content">
<h2 class="wp-block-heading"><strong>Exposition du 20 Mars au 20 Mai 2023 au <a href="https://www.agglo-foix-varilhes.fr/content/centre-dhistoire-de-la-resistance-et-de-la-deportation" target="_blank" rel="noreferrer noopener">Centre d&rsquo;Histoire de la Résistance et de la Déportation à Foix.</a></strong></h2>
</div></div>



<figure class="wp-block-table"><table><tbody><tr><td class="has-text-align-center" data-align="center"><img loading="lazy" decoding="async" width="56" height="56" src="http://www.fragments.asso.fr/blog/wp-content/uploads/2019/01/mail-1454731_640-300x300.png" alt=""><br>secretariat.fragments@gmail.com</td><td class="has-text-align-center" data-align="center"><a rel="noreferrer noopener" href="https://www.helloasso.com/associations/association-fragments/formulaires/1" target="_blank">Faites un Don</a> <br>pour aider Fragments</td></tr></tbody></table></figure>



<hr />
<p> </p>

<p>Fragments est une invitation à prendre un moment dans nos vies agitées et &nbsp;multiples. Prendre un moment, prendre le temps ce n’est pas si simple. Cela demande un effort, à la fois physique et intellectuel. S’arrêter un temps pour se poser des questions, s’interroger sur notre place dans la transmission de la Mémoire de Shoah. [&hellip;]</p>
